84, 0 = -o + 2*o + 3*g - 30. Suppose -w - 7 = -13. Suppose 4*b = -t - o, -4 = 2*b + w. List the prime factors of t.
2
Suppose 3*u - 92 = 1. Let l = 45 - u. What are the prime factors of 6/(-7)*(0 - l)?
2, 3
Let t be ((-15)/2)/((-4)/(-8)). Suppose z = -o - 5, 5*o + 37 = -4*z + 11. What are the prime factors of ((-4)/o)/((-1)/t)?
2, 5
List the prime factors of 3214*(-10 + 189/18).
1607
Suppose 4*a - 3*p - 2 = -9, 10 = -5*a + 5*p. Let h(w) = -3*w + 1. Let u be h(7). What are the prime factors of (a + -20)/(15/u)?
2, 7
Let v(l) = l**2 - 4*l - 7. Let o(q) = q + 2. Let n be o(4). Let i be v(n). What are the prime factors of 17/i + (-6)/(-10)?
2
What are the prime factors of (2 + 0)*1356/24?
113
Let d be (-4)/7*7/(-2). Suppose -429 = -5*t - 4*h, h - 174 = -d*t - 0*h. List the prime factors of t.
89
Suppose -3*u - 2*o + 3460 = 0, -21*u + 22*u - 3*o = 1146. What are the prime factors of u?
2, 3
Let x = -90 - -162. Suppose 5*j - 5*h = -5, -5*h + 0*h = -20. Suppose t + 20 = 2*t + u, -u - x = -j*t. List the prime factors of t.
23
Let v(s) = -2 - 5*s**2 + 0 - 222*s**3 + 9*s**2. What are the prime factors of v(-1)?
2, 7
Let z = 28 - 28. Suppose z = -8*d - 245 + 1485. List the prime factors of d.
5, 31
Suppose -2*i - 6 - 18 = 0. Let m = 15 + i. What are the prime factors of 3 + (m - -8) + 1?
3, 5
Let t(q) = -4*q**2 + 38*q - 5. Let g be t(11). Let o = g - -268. List the prime factors of o.
197
List the prime factors of (27/(-18))/(6/(-768)).
2, 3
Let o = 1514 - 588. What are the prime factors of o?
2, 463
List the prime factors of 12/(-5)*(-1190)/28.
2, 3, 17
Let n(u) be the first derivative of 5*u**4/4 - 2*u**3/3 + 5*u**2/2 + 6*u - 15. List the prime factors of n(3).
2, 3, 23
Suppose -3*g + 0*m - 5*m = -29, g + 3*m - 15 = 0. Let b be ((-4)/g)/((-12)/378). What are the prime factors of (b/15)/(1/10)?
2, 7
Suppose 4*b = -2*g + 340 + 308, -2*g = b - 165. Suppose 2*m = 3*m - 4. Suppose 5*z + 5*q = 210, z - m*q = -2*z + b. List the prime factors of z.
47
Suppose 584 + 4682 = 5*f - 4*p, 3*f = -3*p + 3138. What are the prime factors of f?
2, 3, 5, 7
Let y(k) = -34*k + 59. List the prime factors of y(-8).
331
Suppose 5*j - 28 - 67 = 0. Suppose j = -4*p - 21. Let c = -7 - p. List the prime factors of c.
3
Let b be 10*(-3)/(18/(-15)). Suppose 0 = 6*y - y - b. Suppose y*v + 42 = 7*v. What are the prime factors of v?
3, 7
Suppose r + 226 = 4*q + 74, -4*r = -5*q + 201. Let g = -12 + q. Suppose b + 0*b - g = 0. What are the prime factors of b?
5
Let p(k) = -31*k**3 - k**2. Let l be p(2). What are the prime factors of (-7 - -8)/((-3)/l)?
2, 3, 7
Suppose -2 = -4*b + 66. Suppose 0 = 5*z - 15, c - 3*z = -4*z + b. Let o = 35 - c. What are the prime factors of o?
3, 7
Suppose 0 = -5*m - 10, m + 595 = 3*s - 11455. What are the prime factors of s?
2, 251
Let m(t) = t**2 - 2*t - 8. Let z be m(12). Suppose -2*d = 2*d - z. Suppose 3*p - 59 = d. What are the prime factors of p?
29
Let o(c) = -2*c - 6. Let r(b) = -b**2 + 7*b + 4. Let g be r(8). Let t be o(g). Suppose -f - 33 = -t*f. List the prime factors of f.
3, 11
Let u = -138 - -196. Let l = 148 - u. List the prime factors of l.
2, 3, 5
Suppose 18 = -2*o - 4*q, 0 = -0*o - 3*o + q + 8. What are the prime factors of ((-20)/(-5)*o)/((-8)/(-228))?
2, 3, 19
Let o be 10/(0 + -5) - -4. Suppose 5*v = 3*u + o*v - 132, 2*u - 4*v = 78. What are the prime factors of u?
7
Suppose 0 = a - 4*a + 30. Let t be 6/(-10) - (-296)/a. Let g = -11 + t. List the prime factors of g.
2, 3
Suppose -515 = -s - 2*a + 917, a = -3*s + 4281. What are the prime factors of s?
2, 23, 31
Let x(g) be the third derivative of 0*g + 1/24*g**4 - 4*g**2 + 0 - 1/6*g**3 + 1/12*g**5. List the prime factors of x(2).
3, 7
Let y(i) = -57*i + 54. What are the prime factors of y(-3)?
3, 5
Suppose 497 = -2*q + 75. Let x = 312 + q. What are the prime factors of x?
101
List the prime factors of 1*(1 - 0) + 956/2.
479
Suppose -22 = -3*b + 2*v, -3*v + 52 = 6*b - 2*b. Let a(x) = 5*x - 6. What are the prime factors of a(b)?
2, 11
Let k = 2078 - 939. What are the prime factors of k?
17, 67
Let h(a) = 2*a**2 - 25*a - 138. List the prime factors of h(18).
2, 3, 5
Let x(o) = -5*o - 13. Let i be x(-15). Suppose -d + 11 + i = 0. List the prime factors of d.
73
Suppose 4*h + 8 = 4*u + 2*h, -7 = -5*u + 4*h. Suppose 210 = 4*y + t, -u*t - 164 = -5*y + 90. List the prime factors of y.
2, 13
Let b(q) be the second derivative of q**5/20 + 3*q**4/4 + 13*q**3/6 + 4*q**2 - 37*q. List the prime factors of b(-6).
2, 19
Let g = 936 + -238. What are the prime factors of g?
2, 349
Let z = 2 - 11. Let w = z + 13. Suppose d + d - 5*t = 32, -w*t = 0. What are the prime factors of d?
2
Suppose 0 = -a - 0*a + 3. Let n be 0/((-3 - -2) + a). Suppose -4*o + o + 102 = n. List the prime factors of o.
2, 17
Suppose 0 = -2*w + 4*m + 12, -w + 22 = 3*m - m. Let t(f) = f**3 - 13*f**2 - 13*f - 12. Let o be t(w). Suppose -2*j = -o - 12. What are the prime factors of j?
7
Suppose -2*h + 4*i + 26 = 0, -h - 3*i = -0*h + 7. Suppose 0 = 3*z - h*x - 17, 2*x + 0*x + 13 = -5*z. What are the prime factors of (z + 3)*72/9?
2
Suppose 0 = 5*b - 20, 7*c - 10*c + 1984 = b. Suppose -29*u = -23*u - c. What are the prime factors of u?
2, 5, 11
Let v(p) = p**2 - 5*p - 36. Let c be v(9). Suppose -m - 4*m + 570 = c. What are the prime factors of m?
2, 3, 19
Suppose 0*m - 3*m + 44 = y, y = -1. Suppose i + m = -3*f, 5*f + 10 = 3*i - 15. Suppose -2*h + 18 = -i*h. List the prime factors of h.
3
Let g = 15 - 11. Suppose 3*m - g*f - 2 = 8, -f + 20 = 3*m. Suppose 0 = -m*x + 102 + 96. List the prime factors of x.
3, 11
Suppose -2*r + 25 = 5*g, -5 = 5*r - 2*g + 5. Let a be r + 25 + (-7 - -8). Suppose 0 = 5*o - i - a, 3*i = 3*o - 0*i - 18. What are the prime factors of o?
5
Suppose 0*s + 320 = 2*s. Let x(j) = -4*j - 13. Let c be x(-7). Suppose 0 = -5*z + s - c. What are the prime factors of z?
29
Let q = 23 + -19. Suppose u = -3*f + 15, -5*f + 4 = -f - q*u. What are the prime factors of f?
2
Let k(f) = -4*f - 12. Let s be k(-2). Let m(u) = -17*u + 16. List the prime factors of m(s).
2, 3, 7
List the prime factors of (605/3)/((-42)/(-126)).
5, 11
Let k be (-2)/9 - (-120)/54. Suppose -k*m + 3 = 35. Let b = m + 28. List the prime factors of b.
2, 3
Let x(n) = -n + 5. Let j be x(0). Suppose 3*w - j = 1. What are the prime factors of w?
2
Let h = -104 - 5. List the prime factors of (1 - 0 - h)*4/5.
2, 11
Let t = -8 + 12. Suppose i = t*l, 2*l - 3*i = -i. Suppose l*j - j + 5 = 0. List the prime factors of j.
5
Let n be 3 - -5 - (2 - 0). Suppose 4*f = -n*f + 1980. List the prime factors of f.
2, 3, 11
Let m(n) = n**3 + 29*n**2 - 31*n + 130. List the prime factors of m(-30).
2, 5
Suppose 5*x - 27 = -2. Suppose -6*v + 26 = 3*k - 4*v, 0 = -x*k + 2*v + 38. What are the prime factors of 186/8 + (-2)/k?
23
Let z(q) = -62*q - 82. List the prime factors of z(-6).
2, 5, 29
Let f(n) = 2*n**2 + 7*n - 8. Let u be f(-7). Suppose -m - 7 + u = 0. Suppose 5*a - i = 2*i + m, 14 = a - 3*i. List the prime factors of a.
5
Let d = -12 - -12. Let s(c) = -4*c + 2*c + d*c - 6*c - 3. List the prime factors of s(-4).
29
Let w be (-26 - 1)/((-3)/(-16)). Let v = -85 - w. List the prime factors of v.
59
Suppose 6 = -2*p, 0 = -5*c - p + 14 + 3. Suppose 101 - 658 = -3*z - i, -2*z - c*i = -388. List the prime factors of z.
2, 23
Let k(d) = -2*d + 13. Let b be k(2). List the prime factors of ((-3)/b)/(-2*3/882).
7
Let k(f) = 27*f**2 + 6*f + 7. List the prime factors of k(-2).
103
Suppose 0 = 70*t - 67*t - 483. What are the prime factors of t?
7, 23
Let n(i) = i + 34. Suppose 0 = -b - 3*f + 10, 0*b - 5*f = b - 12. What are the prime factors of n(b)?
41
Suppose 2*p - 10 = -5*j + 17, 5*p - 10 = -j. Let q = 31 - 0. Suppose j*r + 1 = q. What are the prime factors of r?
2, 3
Let u = 15 - 32. Let y = -20 - u. List the prime factors of ((-36)/24)/(y/88).
2, 11
Let t(p) = 2*p**2 + 10*p - 220. List the prime factors of t(-25).
2, 3, 5, 13
List the prime factors of 3*((2 - 3) + 836/6).
5, 83
Let o(f) = -9*f - 10. Let z(n) = n + 1. Let h(w) = -o(w) - 4*z(w). Let g be 4/(-10) - 27/(-5). What are the prime factors of h(g)?
31
Let d = -1415 - -1606. List the prime factors of d.
191
Suppose -82910 = -60*y + 169150. What are the prime factors of y?
4201
Suppose 0 = i + 4*a - 15 - 39, 267 = 4*i - a. Let s 